lse
Is 171794129147 composite?
True
Is 8080492177 prime?
False
Is 5077049221 composite?
True
Is 2823984439 a composite number?
False
Is 15340486585 prime?
False
Is 103379892673 prime?
True
Is 45974436539 prime?
False
Is 54450076207 prime?
True
Is 154734739 a composite number?
False
Is 3154630847 a prime number?
False
Is 31680846577 prime?
True
Is 308892071 a prime number?
True
Is 622353301 composite?
True
Is 113799151 prime?
False
Is 934844831 composite?
False
Is 29367232157 composite?
False
Is 1363123361 a prime number?
True
Is 2173503311 composite?
True
Is 1909442009 prime?
True
Is 7368369799 prime?
False
Is 8821468879 a composite number?
False
Is 26312094797 a prime number?
False
Is 67471972363 a composite number?
True
Is 14299836559 a composite number?
True
Is 245717313251 a prime number?
False
Is 7075067 a prime number?
True
Is 1355990851 composite?
False
Is 534544369 a composite number?
False
Is 2646144769 a composite number?
False
Is 493120561 prime?
True
Is 2821400545 a composite number?
True
Is 2771847101 a composite number?
False
Is 1644424571 a prime number?
True
Is 1277350597 a composite number?
False
Is 1097978597 prime?
False
Is 6837444787 a composite number?
False
Is 17501657411 a composite number?
True
Is 147179917 a composite number?
False
Is 2064708931 a composite number?
False
Is 54393809441 a composite number?
False
Is 54922619951 composite?
False
Is 243568589 composite?
True
Is 1592261597 composite?
True
Is 22016029991 a composite number?
False
Is 90517927 composite?
False
Is 578490189 composite?
True
Is 11024381741 a prime number?
True
Is 1034235173 a prime number?
True
Is 20950105643 a prime number?
False
Is 74219037829 prime?
True
Is 28038468463 prime?
True
Is 40831061371 prime?
True
Is 5188571 composite?
False
Is 19962429 a composite number?
True
Is 735273298 a composite number?
True
Is 9533471119 a prime number?
False
Is 5789590679 a composite number?
True
Is 934172441 a composite number?
False
Is 1623964343 composite?
False
Is 199267631 a composite number?
True
Is 1713437993 a composite number?
True
Is 269435929691 composite?
False
Is 30279555899 composite?
True
Is 36876159757 composite?
False
Is 4283147347 composite?
False
Is 140402101013 a composite number?
True
Is 36616614113 a composite number?
False
Is 28613873333 a prime number?
False
Is 1157935019 a prime number?
True
Is 57848533057 a composite number?
True
Is 29455358509 prime?
True
Is 176107650022 a composite number?
True
Is 37740955909 composite?
False
Is 990612611 a composite number?
True
Is 368623243 prime?
False
Is 895383217 a prime number?
False
Is 64339267 a composite number?
False
Is 6214261811 a prime number?
True
Is 27079023337 composite?
False
Is 870861037 prime?
False
Is 605905373 a prime number?
True
Is 62806216741 composite?
True
Is 2003471377 a composite number?
False
Is 5332628297 a prime number?
False
Is 56353493 composite?
True
Is 1704387651 a composite number?
True
Is 8932864711 prime?
False
Is 4692930421 composite?
True
Is 1394872579 composite?
True
Is 5681330489 prime?
True
Is 5230747927 a prime number?
False
Is 1075089919 a composite number?
True
Is 11330245879 a composite number?
False
Is 15753520259 a composite number?
False
Is 32151013 a prime number?
False
Is 27720382457 composite?
False
Is 64848063767 composite?
False
Is 366097549 prime?
False
Is 54965544193 composite?
True
Is 6896416759 a prime number?
True
Is 5763455941 prime?
False
Is 11063095159 prime?
True
Is 135966366793 a composite number?
False
Is 39522093101 composite?
False
Is 23138553391 a composite number?
True
Is 5956243417 a composite number?
True
Is 108910299221 a prime number?
True
Is 65288814077 prime?
False
Is 1568815933 composite?
True
Is 515821543027 composite?
True
Is 543539383 a composite number?
True
Is 778516799 prime?
True
Is 699555187 composite?
False
Is 77458721 a prime number?
True
Is 225116490997 prime?
True
Is 1565664071 a prime number?
True
Is 28422519361 a composite number?
True
Is 25040596181 a composite number?
True
Is 3296251759 a composite number?
True
Is 5015090621 prime?
True
Is 137184627449 prime?
True
Is 67364982089 a composite number?
True
Is 3792943129 composite?
False
Is 442664051 composite?
False
Is 1447794259 a prime number?
True
Is 54628787 a prime number?
True
Is 1724658751 a prime number?
False
Is 4719955589 composite?
True
Is 598400213 prime?
False
Is 5276055061 a prime number?
True
Is 24178566421 prime?
False
Is 20934215639 a composite number?
False
Is 26752733257 composite?
False
Is 1696566979 prime?
False
Is 516440585 a prime number?
False
Is 441861361 prime?
True
Is 151897477 a prime number?
True
Is 18413585339 a composite number?
True
Is 80871281333 prime?
False
Is 192850351 a composite number?
False
Is 39130549993 a composite number?
False
Is 70131266 composite?
True
Is 28292293181 prime?
True
Is 10272658267 composite?
False
Is 54807870683 a composite number?
True
Is 37603028181 composite?
True
Is 70733701921 a prime number?
False
Is 515990435 a prime number?
False
Is 1475300389 a composite number?
False
Is 314087243 a prime number?
True
Is 17257526281 composite?
True
Is 1018763129 a composite number?
False
Is 855718733 composite?
False
Is 25748871553 composite?
False
Is 17012783287 composite?
False
Is 1318877809 a composite number?
False
Is 19631688073 prime?
True
Is 1536227713 prime?
False
Is 2652217955 prime?
False
Is 34928584909 a prime number?
False
Is 28496351033 a prime number?
True
Is 314533313 a prime number?
False
Is 1000125811 composite?
True
Is 1372950521 composite?
True
Is 5217902557 a prime number?
False
Is 20036021989 composite?
True
Is 112689043 composite?
False
Is 72605909 a composite number?
True
Is 2953545785 a prime number?
False
Is 9761576603 a prime number?
True
Is 36485945621 a composite number?
True
Is 5488747763 composite?
False
Is 364191728881 composite?
False
Is 45397283 a prime number?
False
Is 25047681137 prime?
True
Is 1069951013 a composite number?
True
Is 2072751389 prime?
False
Is 1749402791 prime?
False
Is 143395627 a prime number?
False
Is 648155251 composite?
False
Is 80084163 composite?
True
Is 891370331 a composite number?
False
Is 94215995 a composite number?
True
Is 2475570785 a composite number?
True
Is 628072171 composite?
False
Is 6637960237 composite?
False
Is 44365901449 composite?
False
Is 70129904087 prime?
True
Is 568347872749 a composite number?
False
Is 235750963 a prime number?
False
Is 142107453799 composite?
False
Is 1077720779 a composite number?
False
Is 703538203 composite?
True
Is 21875840687 a composite number?
True
Is 6214588715 a composite number?
True
Is 47154655 prime?
False
Is 114156099419 prime?
True
Is 641889881 prime?
True
Is 769498241 prime?
False
Is 834959011 prime?
True
Is 56409391967 a prime number?
False
Is 95442181 prime?
False
Is 842771929 composite?
True
Is 7637520949 composite?
False
Is 744821537 prime?
True
Is 7029461123 composite?
False
Is 69530992169 a prime number?
False
Is 3916257881 a prime number?
True
Is 38984199313 a prime number?
True
Is 580368237 a prime number?
False
Is 211006194871 composite?
True
Is 10498700327 a composite number?
False
Is 331109267 composite?
True
Is 1699535983 a prime number?
True
Is 3882373039 a composite number?
False
Is 4060579 a prime number?
True
Is 888077579 a composite number?
False
Is 1643489891 a prime number?
True
Is 193004381 a composite number?
False
Is 90182682223 prime?
True
Is 4267995263 a prime number?
False
Is 82670232791 prime?
True
Is 199997581061 a composite number?
True
Is 112916249 prime?
True
Is 236653973 composite?
False
Is 41254512581 prime?
True
Is 13675079423 prime?
False
Is 19180501897 a prime number?
True
Is 4758134653 prime?
False
Is 31209570919 a prime number?
False
Is 6180848003 composite?
True
Is 271776997 a prime number?
True
Is 13919018831 composite?
False
Is 29682582511 prime?
True
Is 1798793547 a prime number?
False
Is 3072083029 prime?
True
Is 1471427549 composite?
True
Is 1260702227 a prime number?
True
Is 21497874451 a composite number?
True
Is 764271373 prime?
True
Is 1142764428631 prime?
False
Is 601709077 a prime number?
True
Is 958791161 a composite number?
False
Is 20814197297 a composite number?
True
Is 180935243 composite?
True
Is 10426534967 composite?
False
Is 219998621